t is the remainder when f(1) is divided by 15?
14
Let k = -43 + 117. Calculate the remainder when k is divided by 13.
9
Suppose 2*d = -y + 15, 4*d - y - 3*y - 48 = 0. Let b = 42 - 9. Calculate the remainder when b is divided by d.
6
Suppose -4*n - 12 = -4*a - 4, 3*a - n - 8 = 0. Calculate the remainder when a is divided by 2.
1
Let v = 104 - 89. Calculate the remainder when v is divided by 3.
0
Let j = -11 - -39. Calculate the remainder when 83 is divided by j.
27
Suppose -3*i + 94 = -g, -4*i + g + 154 = 29. Let s = 21 - 10. Calculate the remainder when i is divided by s.
9
Suppose -31*l - 44 = -35*l. Let f(x) = -10*x - 6. Let z be f(-4). Let r = z + -3. Calculate the remainder when r is divided by l.
9
Let o(t) = -t**3 + 4*t + 3. Let v(c) = -c**3 + 5*c**2 + 2*c - 1. Calculate the remainder when v(5) is divided by o(2).
0
Suppose 0 = -t + 6*r - 2*r + 54, -2*t - 3*r = -152. What is the remainder when t is divided by 18?
16
Let g = -10 + 22. Suppose -2*q = 6 + 4, 4*n - 3*q = 151. What is the remainder when n is divided by g?
10
Let w = 13 + -10. Suppose 1 + 2 = w*n. What is the remainder when 3 is divided by n?
0
Suppose 151 = 5*r + 4*v, 0 = 2*r + 5*v - v - 58. Calculate the remainder when r is divided by 17.
14
Let z(s) = 3*s**2 - s - 2. Let h be z(-3). Suppose 4*n - 4 = i - 0*n, -h = -2*i - 4*n. Calculate the remainder when i is divided by 5.
3
Let t = 34 - 26. Calculate the remainder when 22 is divided by t.
6
Suppose 0 = -9*r - 256 + 814. Calculate the remainder when r is divided by 21.
20
Let h(p) = -2*p**3 - 3*p**2 - p + 1. Let j be h(-2). Suppose 6*m - 36 = 2*m. Let c = m - j. Calculate the remainder when 3 is divided by c.
1
Let b(t) = -5*t + 9. Calculate the remainder when b(-4) is divided by 11.
7
Let a(r) = r**2 - r - 4. Suppose -5*n = -n - 36. Calculate the remainder when a(6) is divided by n.
8
Suppose 0 = -2*b - 2*w + 40, -22 = -b - 4*w + 2*w. Let i = b + -11. What is the remainder when i is divided by 2?
1
Suppose -155 = -7*w + 2*w. Let r = w - 18. Calculate the remainder when 23 is divided by r.
10
Let h be 2/2 - (-2 + 1). Suppose -4 + 1 = -2*k - 3*s, 38 = h*k - 4*s. Let u(b) = -b**2 + 12*b + 2. What is the remainder when u(k) is divided by 15?
14
Suppose -2*i = 2*i - 20. Calculate the remainder when i is divided by 2.
1
Let f = -5 - -5. Suppose -t + 11 + 26 = f. Calculate the remainder when t is divided by 20.
17
Let h(k) = k**3 - 2*k**2 - 6*k + 6. Let i(z) = 2*z - 8. Let b be i(6). What is the remainder when h(b) is divided by 8?
6
Let i(k) = -k - 2. Let d be i(-5). Suppose -2*c - 3*c + 130 = 4*y, -4*y = d*c - 78. What is the remainder when 40/(-12)*(4 - (-268)/(-10)) is divided by c?
24
Let a(w) = -5*w**2 + 40*w - 9. Calculate the remainder when 74 is divided by a(7).
22
Calculate the remainder when (4/(-7))/(26/(-2093)) is divided by 18.
10
Suppose 5*y + 4*p = 166, 4*y + 3*p = p + 134. Let z = 58 + -40. What is the remainder when y is divided by z?
16
Let y = -8 - -6. Let t be 32/(-12)*3/y. Suppose 0 = -3*a + 3*m + 12, -5*a - 2*m + t*m = -23. What is the remainder when 9 is divided by a?
4
Let y(h) = -2*h**2 - 14*h - 3. Let s(p) = p**2 - p - 4. What is the remainder when s(-5) is divided by y(-6)?
8
Suppose -3*m = 44 - 113. Let w = -8 + m. Suppose -2*c - 18 = -3*u - 5*c, -5*c = u + 6. What is the remainder when w is divided by u?
6
Let t(b) = -b**2 + 17*b - 35. Calculate the remainder when t(14) is divided by 3.
1
Suppose 6*c - c = 4*u + 20, 0 = u + 5. Suppose 5*g + c*g - 50 = 0. Suppose 4*n - 119 = q, n - 2*n = -2*q - 35. What is the remainder when n is divided by g?
9
Suppose -4*r = -3*s - 0*r + 25, 3*s - 5*r - 29 = 0. Suppose -2*f + 0*f + 86 = 4*y, -2*f = -s*y + 54. What is the remainder when 38 is divided by y?
18
Let c(w) = w**3 + 8*w**2 - w - 4. Let v be c(-8). Let o = 40 + v. What is the remainder when o is divided by 15?
14
Let j = 173 - 103. Calculate the remainder when j is divided by 18.
16
Let b(q) = -9*q - 2. Let n be b(1). Suppose 4*d - h - 71 = 0, -5*d + 5*h + 56 = -29. Let x = n + d. What is the remainder when 12 is divided by x?
5
Let d(w) = 2*w**2 - 2*w. What is the remainder when 45 is divided by d(4)?
21
Calculate the remainder when 22 is divided by (-3*2/3 - -1)*-9.
4
Let c(r) = r**3 - 6*r**2 + 7*r - 4. Let u = -8 + 13. Calculate the remainder when 6/9*(-33)/(-2) is divided by c(u).
5
Suppose 18*h - 356 = 14*h. What is the remainder when h is divided by 23?
20
Suppose -v - 3*x = -4*v + 66, 3*x = 9. Let p = -44 + 27. Let b = v + p. What is the remainder when 22 is divided by b?
6
Let y be 6 + (-6)/(-2) + -2. Suppose -25 = -5*c, 3*b = -c + 6*c - y. Calculate the remainder when 16 is divided by b.
4
Let f = 60 + -15. Calculate the remainder when 134 is divided by f.
44
Suppose n = -7 + 1. Let o(a) = a**2 - a - 14. Calculate the remainder when 109 is divided by o(n).
25
Suppose 0 = h - 3*h. Let v = 14 - h. What is the remainder when 41 is divided by v?
13
Let d be 6/15 + (-144)/(-15). Suppose 48 + d = 2*x. Calculate the remainder when x is divided by 15.
14
Suppose 0*g - 20 = -2*h - 2*g, 3*h - 9 = 4*g. Suppose 5*w - h*w = -8. Calculate the remainder when 9 is divided by w.
1
Let a(g) = g + 12. Suppose 24 = -2*k + 4*w, -27 = 3*k - 5*w + 2*w. Let t be a(k). Let c = t + 31. What is the remainder when c is divided by 13?
11
Suppose 3*n - 2*n = 5*y + 1, -1 = -5*y - n. Suppose y = 4*c - 15 - 29. Let o = 34 - 2. Calculate the remainder when o is divided by c.
10
Let h(a) = -19*a - 62. What is the remainder when h(-14) is divided by 52?
48
Suppose 5*n + 4*f + 4 = 3*n, -n - 4*f = 8. Suppose 6 = -q + n*q. Calculate the remainder when ((-10)/8)/(1/(-4)) is divided by q.
1
Suppose f = 5*z + 21, -5*z - 40 = -5*f + 5. Calculate the remainder when 34 is divided by f.
4
Suppose -4*m + 9*m - 15 = 0. What is the remainder when 9 is divided by m?
0
Let y(p) = 22*p**2 + p. Let g = 1 + -2. Let n be y(g). What is the remainder when (1*2)/(6/n) is divided by 3?
1
Let l = 15 - -3. Suppose -3*g - 4*x = 13, 2*g + l = -0*g - 5*x. Suppose 2*t + 18 = 5*d + 51, 0 = -t - d - g. Calculate the remainder when 6 is divided by t.
2
Let o(t) = 2*t + 2. What is the remainder when 47 is divided by o(5)?
11
Let k be (-19 - 1)/(3/(-6)). Let s = k - 2. What is the remainder when s is divided by -1*-5*4/2?
8
Let w(a) = a**2 + 5*a + 11. Calculate the remainder when (22/(-6))/(1/(-3)) is divided by w(-4).
4
Suppose -3*f - 2*m = -276, 4*m = 4*f - 5*f + 102. What is the remainder when f is divided by 23?
21
Let o(l) = 2*l + 1. Suppose -3*p + 54 + 68 = 4*x, -2*x + 54 = 5*p. Calculate the remainder when x is divided by o(8).
15
Let v be 84/(-15) + 9/15. Let u be v + -47 - (0 - 3). Let a = u - -74. What is the remainder when a is divided by 7?
4
Suppose -19 = -3*z + 20. Calculate the remainder when 1/4*-2*-74 is divided by z.
11
Suppose -5*x + 33 = -32. Calculate the remainder when 49 is divided by x.
10
Suppose 13 = r + 5*c, 0 = 6*c - c - 5. Calculate the remainder when 12 is divided by r.
4
Let z = 58 - 19. Suppose -4*s + z = -77. What is the remainder when s is divided by 15?
14
Suppose -2*o + 1 = -7. Calculate the remainder when 15 is divided by o.
3
Let m(l) = l**2 + l - 7. Let z be 1 - (4/(-1) + 1). Suppose 3*o = z*o - 37. What is the remainder when o is divided by m(-5)?
11
Calculate the remainder when 21 is divided by 7/(-7) + 2 + 11.
9
Suppose 19 + 6 = x. What is the remainder when x is divided by 14?
11
Let b = 0 - -15. What is the remainder when b is divided by 4?
3
Let i = 16 - 5. Let j be 0 + 0/(4/(-2)). Suppose -r = 5*y - 21 + 1, j = 2*y + r - 11. Calculate the remainder when i is divided by y.
2
Suppose m = 3*m - 14. Calculate the remainder when m is divided by 3.
1
Let t be (-820)/16*(-8)/(-2). What is the remainder when (-4)/14 - t/7 is divided by 8?
5
Calculate the remainder when (-1)/(4/(-416))*(-3 - -4) is divided by 15.
14
Let f be (-2)/4 - 55/(-10). Suppose s - f*s = -348. What is the remainder when s is divided by 22?
21
Suppose -a + 5 = -5*d + 4*a, 3*a = 6. Let b be 6/(-4) + (-2)/4. Calculate the remainder when 2 is divided by (b + d)*-1 + 1.
0
Let q(n) = 30*n**3 - 2*n**2 + n - 1. Calculate the remainder when q(1) is divided by 8.
4
Suppose 3*t + 2*t = 10. Suppose t*q - 48 = 82. What is the remainder when q is divided by 17?
14
S